{"id":7204,"date":"2020-10-19T20:32:01","date_gmt":"2020-10-19T20:32:01","guid":{"rendered":"https:\/\/transparency.photocrati.com\/?page_id=7204"},"modified":"2025-12-17T22:45:24","modified_gmt":"2025-12-17T21:45:24","slug":"ciels-orages","status":"publish","type":"page","link":"https:\/\/pierremonatte.fr\/index.php\/ciels-orages\/","title":{"rendered":"Ciels d&rsquo;orages"},"content":{"rendered":"\r\n<p style=\"text-align: center;\">La lumi\u00e8re arrive \u00e0 surgir du noir, contenue dans la masse sombre et inqui\u00e9tante des nuages, elle se retient et \u00ab\u00a0accumulo-nimbus\u00a0\u00bb son \u00e9nergie. Alors soudain \u00e0 force d&rsquo;accumuler et de contenir, elle \u00e9clate brutalement foudroyant le hasard de sa cible ou bien plus sage passe au travers du prisme des milliards de gouttes de pluie pour r\u00e9v\u00e9ler sa nature. Tout est question d&rsquo;anticipation pour le photographe.<\/p>\r\nngg_shortcode_0_placeholder\r\n<p>&nbsp;<\/p>\r\n","protected":false},"excerpt":{"rendered":"","protected":false},"author":1,"featured_media":0,"parent":0,"menu_order":0,"comment_status":"closed","ping_status":"closed","template":"","meta":{"ngg_post_thumbnail":0,"footnotes":""},"class_list":["post-7204","page","type-page","status-publish","hentry","entry"],"_links":{"self":[{"href":"https:\/\/pierremonatte.fr\/index.php\/wp-json\/wp\/v2\/pages\/7204","targetHints":{"allow":["GET"]}}],"collection":[{"href":"https:\/\/pierremonatte.fr\/index.php\/wp-json\/wp\/v2\/pages"}],"about":[{"href":"https:\/\/pierremonatte.fr\/index.php\/wp-json\/wp\/v2\/types\/page"}],"author":[{"embeddable":true,"href":"https:\/\/pierremonatte.fr\/index.php\/wp-json\/wp\/v2\/users\/1"}],"replies":[{"embeddable":true,"href":"https:\/\/pierremonatte.fr\/index.php\/wp-json\/wp\/v2\/comments?post=7204"}],"version-history":[{"count":4,"href":"https:\/\/pierremonatte.fr\/index.php\/wp-json\/wp\/v2\/pages\/7204\/revisions"}],"predecessor-version":[{"id":9215,"href":"https:\/\/pierremonatte.fr\/index.php\/wp-json\/wp\/v2\/pages\/7204\/revisions\/9215"}],"wp:attachment":[{"href":"https:\/\/pierremonatte.fr\/index.php\/wp-json\/wp\/v2\/media?parent=7204"}],"curies":[{"name":"wp","href":"https:\/\/api.w.org\/{rel}","templated":true}]}}