{"id":557,"date":"2015-12-09T16:31:28","date_gmt":"2015-12-09T16:31:28","guid":{"rendered":"http:\/\/transparency.photocrati.com\/?page_id=557"},"modified":"2024-04-20T07:29:07","modified_gmt":"2024-04-20T05:29:07","slug":"natures-mortes","status":"publish","type":"page","link":"https:\/\/pierremonatte.fr\/index.php\/natures-mortes\/","title":{"rendered":"Natures mortes"},"content":{"rendered":"<p>Natures mortes, au pluriel&#8230; : tout l&rsquo;inverse du singulier, nature morte, malgr\u00e9 l&rsquo;ent\u00eatement humain \u00e0 nettoyer le vivant.<\/p>\nngg_shortcode_0_placeholder\n","protected":false},"excerpt":{"rendered":"<p>Natures mortes, au pluriel&#8230; : tout l&rsquo;inverse du singulier, nature morte, malgr\u00e9 l&rsquo;ent\u00eatement humain \u00e0 nettoyer le vivant. &nbsp;<\/p>\n","protected":false},"author":1,"featured_media":0,"parent":0,"menu_order":0,"comment_status":"closed","ping_status":"closed","template":"","meta":{"ngg_post_thumbnail":0,"footnotes":""},"class_list":["post-557","page","type-page","status-publish","hentry","entry"],"_links":{"self":[{"href":"https:\/\/pierremonatte.fr\/index.php\/wp-json\/wp\/v2\/pages\/557","targetHints":{"allow":["GET"]}}],"collection":[{"href":"https:\/\/pierremonatte.fr\/index.php\/wp-json\/wp\/v2\/pages"}],"about":[{"href":"https:\/\/pierremonatte.fr\/index.php\/wp-json\/wp\/v2\/types\/page"}],"author":[{"embeddable":true,"href":"https:\/\/pierremonatte.fr\/index.php\/wp-json\/wp\/v2\/users\/1"}],"replies":[{"embeddable":true,"href":"https:\/\/pierremonatte.fr\/index.php\/wp-json\/wp\/v2\/comments?post=557"}],"version-history":[{"count":3,"href":"https:\/\/pierremonatte.fr\/index.php\/wp-json\/wp\/v2\/pages\/557\/revisions"}],"predecessor-version":[{"id":8194,"href":"https:\/\/pierremonatte.fr\/index.php\/wp-json\/wp\/v2\/pages\/557\/revisions\/8194"}],"wp:attachment":[{"href":"https:\/\/pierremonatte.fr\/index.php\/wp-json\/wp\/v2\/media?parent=557"}],"curies":[{"name":"wp","href":"https:\/\/api.w.org\/{rel}","templated":true}]}}