{"id":191,"date":"2019-11-08T22:31:50","date_gmt":"2019-11-08T22:31:50","guid":{"rendered":"https:\/\/sample.photocrati.com\/?page_id=191"},"modified":"2025-12-17T22:29:15","modified_gmt":"2025-12-17T21:29:15","slug":"home","status":"publish","type":"page","link":"https:\/\/pierremonatte.fr\/","title":{"rendered":"Home"},"content":{"rendered":"\t\t<div data-elementor-type=\"wp-page\" data-elementor-id=\"191\" class=\"elementor elementor-191\">\n\t\t\t\t\t\t<section class=\"elementor-section elementor-top-section elementor-element elementor-element-eba993 elementor-section-stretched elementor-section-boxed elementor-section-height-default elementor-section-height-default\" data-id=\"eba993\" data-element_type=\"section\" data-e-type=\"section\" data-settings=\"{&quot;stretch_section&quot;:&quot;section-stretched&quot;,&quot;background_background&quot;:&quot;classic&quot;}\">\n\t\t\t\t\t\t\t<div class=\"elementor-background-overlay\"><\/div>\n\t\t\t\t\t\t\t<div class=\"elementor-container elementor-column-gap-default\">\n\t\t\t\t\t<div class=\"elementor-column elementor-col-100 elementor-top-column elementor-element elementor-element-7e506866\" data-id=\"7e506866\" data-element_type=\"column\" data-e-type=\"column\">\n\t\t\t<div class=\"elementor-widget-wrap elementor-element-populated\">\n\t\t\t\t\t\t<div class=\"elementor-element elementor-element-3679672e elementor-widget elementor-widget-text-editor\" data-id=\"3679672e\" data-element_type=\"widget\" data-e-type=\"widget\" data-widget_type=\"text-editor.default\">\n\t\t\t\t<div class=\"elementor-widget-container\">\n\t\t\t\t\t\t\t\t\t<div class=\"wp-block-cover has-background-dim\" style=\"background-image: url('https:\/\/sample.photocrati.com\/wp-content\/uploads\/2019\/11\/Unsplash-People-145.jpg');\">\n<div class=\"wp-block-cover__inner-container\">\n<p><\/p>\n<p class=\"has-text-color has-text-align-center has-large-font-size\" style=\"color: #ffffff;\">\u00ab\u00a0Le merveilleux est l&rsquo;image clinique de la libert\u00e9 humaine\u00a0\u00bb<\/p>\n<blockquote class=\"has-text-color has-text-align-center has-large-font-size\" style=\"color: #ffffff;\">\n<p><i>\u00a0 \u00a0 \u00a0 \u00a0 \u00a0 \u00a0 \u00a0 \u00a0 \u00a0 \u00a0 \u00a0 \u00a0 \u00a0 \u00a0 \u00a0 \u00a0 \u00a0 \u00a0 \u00a0 \u00a0 \u00a0 \u00a0 \u00a0 \u00a0 \u00a0 \u00a0 \u00a0 \u00a0 \u00a0 \u00a0 \u00a0 \u00a0 \u00a0 \u00a0 \u00a0 \u00a0 \u00a0Louis Aragon<\/i><\/p>\n<\/blockquote>\n<p><\/p>\n<\/div>\n<\/div>\n<p><!-- \/wp:cover --><\/p>\n<p><!-- wp:imagely\/nextgen-gallery --><\/p>\n<p><!-- \/wp:imagely\/nextgen-gallery --><\/p>\n<p><!-- wp:spacer --><\/p>\n<div class=\"wp-block-spacer\" style=\"height: 100px;\" aria-hidden=\"true\">\u00a0<\/div>\n<p><!-- \/wp:spacer --><\/p>\n<p><!-- wp:heading {\"align\":\"center\",\"level\":1} --><\/p>\n<h1 class=\"has-text-align-center\"><span style=\"color: #ffffff;\">Un photographe par nature, la nature par un photographe.<\/span><\/h1>\n<p><span style=\"color: #333333;\"><!-- \/wp:heading --><\/span><\/p>\n<p><span style=\"color: #333333;\"><!-- wp:paragraph {\"align\":\"center\"} --><\/span><\/p>\n<p class=\"has-text-align-center\"><span style=\"color: #ffffff;\">Apr\u00e8s de nombreuses ann\u00e9es immerg\u00e9 dans les rivi\u00e8res et la nature,\u00a0<\/span><\/p>\n<p class=\"has-text-align-center\"><span style=\"color: #ffffff;\">l\u2019image est devenue pour moi un moyen de sensibilisation au respect de notre environnement&#8230;<\/span><span style=\"color: #dbdbdb;\"><br \/><\/span><\/p>\n<p class=\"has-text-align-center\"><span style=\"color: #dbdbdb;\"><a style=\"color: #dbdbdb;\" href=\"\/about\">en savoir plus<\/a><\/span><\/p>\n<p><!-- \/wp:paragraph --><\/p>\n<p><!-- wp:spacer --><\/p>\n<div class=\"wp-block-spacer\" style=\"height: 100px;\" aria-hidden=\"true\">\u00a0<\/div>\n<p><!-- \/wp:spacer --><\/p>\t\t\t\t\t\t\t\t<\/div>\n\t\t\t\t<\/div>\n\t\t\t\t\t<\/div>\n\t\t<\/div>\n\t\t\t\t\t<\/div>\n\t\t<\/section>\n\t\t\t\t<section class=\"elementor-section elementor-top-section elementor-element elementor-element-0ce8a7b elementor-section-boxed elementor-section-height-default elementor-section-height-default\" data-id=\"0ce8a7b\" data-element_type=\"section\" data-e-type=\"section\">\n\t\t\t\t\t\t<div class=\"elementor-container elementor-column-gap-default\">\n\t\t\t\t\t<div class=\"elementor-column elementor-col-100 elementor-top-column elementor-element elementor-element-04623a7\" data-id=\"04623a7\" data-element_type=\"column\" data-e-type=\"column\">\n\t\t\t<div class=\"elementor-widget-wrap elementor-element-populated\">\n\t\t\t\t\t\t<div class=\"elementor-element elementor-element-f08ea99 elementor-widget elementor-widget-video\" data-id=\"f08ea99\" data-element_type=\"widget\" data-e-type=\"widget\" data-settings=\"{&quot;video_type&quot;:&quot;vimeo&quot;,&quot;autoplay&quot;:&quot;yes&quot;,&quot;play_on_mobile&quot;:&quot;yes&quot;,&quot;mute&quot;:&quot;yes&quot;}\" data-widget_type=\"video.default\">\n\t\t\t\t<div class=\"elementor-widget-container\">\n\t\t\t\t\t\t\t<div class=\"elementor-wrapper elementor-open-inline\">\n\t\t\t<iframe class=\"elementor-video-iframe\" allowfullscreen allow=\"autoplay\" title=\"Lecteur vid\u00e9o vimeo\" src=\"https:\/\/player.vimeo.com\/video\/506496758?autoplay=1&amp;playsinline=1&amp;color&amp;autopause=0&amp;loop=0&amp;muted=1&amp;title=1&amp;portrait=1&amp;byline=1#t=\"><\/iframe>\t\t<\/div>\n\t\t\t\t\t\t<\/div>\n\t\t\t\t<\/div>\n\t\t\t\t<div class=\"elementor-element elementor-element-42eec1e elementor-widget elementor-widget-image\" data-id=\"42eec1e\" data-element_type=\"widget\" data-e-type=\"widget\" data-widget_type=\"image.default\">\n\t\t\t\t<div class=\"elementor-widget-container\">\n\t\t\t\t\t\t\t\t\t\t\t\t\t\t\t\t<a href=\"https:\/\/pierremonatte.fr\/index.php\/neige-en-mezenc\/\">\n\t\t\t\t\t\t\t<img fetchpriority=\"high\" decoding=\"async\" width=\"1024\" height=\"614\" src=\"https:\/\/pierremonatte.fr\/wp-content\/uploads\/2024\/03\/cropped-6I5A3661-2-scaled-1-1024x614.jpg\" class=\"attachment-large size-large wp-image-7385\" alt=\"\" srcset=\"https:\/\/pierremonatte.fr\/wp-content\/uploads\/2024\/03\/cropped-6I5A3661-2-scaled-1-1024x614.jpg 1024w, https:\/\/pierremonatte.fr\/wp-content\/uploads\/2024\/03\/cropped-6I5A3661-2-scaled-1-300x180.jpg 300w, https:\/\/pierremonatte.fr\/wp-content\/uploads\/2024\/03\/cropped-6I5A3661-2-scaled-1-768x460.jpg 768w, https:\/\/pierremonatte.fr\/wp-content\/uploads\/2024\/03\/cropped-6I5A3661-2-scaled-1-1536x921.jpg 1536w, https:\/\/pierremonatte.fr\/wp-content\/uploads\/2024\/03\/cropped-6I5A3661-2-scaled-1.jpg 2000w\" sizes=\"(max-width: 1024px) 100vw, 1024px\" \/>\t\t\t\t\t\t\t\t<\/a>\n\t\t\t\t\t\t\t\t\t\t\t\t\t\t\t<\/div>\n\t\t\t\t<\/div>\n\t\t\t\t\t<\/div>\n\t\t<\/div>\n\t\t\t\t\t<\/div>\n\t\t<\/section>\n\t\t\t\t<section class=\"elementor-section elementor-top-section elementor-element elementor-element-13089f3 elementor-section-boxed elementor-section-height-default elementor-section-height-default\" data-id=\"13089f3\" data-element_type=\"section\" data-e-type=\"section\">\n\t\t\t\t\t\t<div class=\"elementor-container elementor-column-gap-default\">\n\t\t\t\t\t<div class=\"elementor-column elementor-col-50 elementor-top-column elementor-element elementor-element-4c8cb20\" data-id=\"4c8cb20\" data-element_type=\"column\" data-e-type=\"column\">\n\t\t\t<div class=\"elementor-widget-wrap\">\n\t\t\t\t\t\t\t<\/div>\n\t\t<\/div>\n\t\t\t\t<div class=\"elementor-column elementor-col-50 elementor-top-column elementor-element elementor-element-77c5065\" data-id=\"77c5065\" data-element_type=\"column\" data-e-type=\"column\">\n\t\t\t<div class=\"elementor-widget-wrap\">\n\t\t\t\t\t\t\t<\/div>\n\t\t<\/div>\n\t\t\t\t\t<\/div>\n\t\t<\/section>\n\t\t\t\t<section class=\"elementor-section elementor-top-section elementor-element elementor-element-f814f0b elementor-section-boxed elementor-section-height-default elementor-section-height-default\" data-id=\"f814f0b\" data-element_type=\"section\" data-e-type=\"section\">\n\t\t\t\t\t\t<div class=\"elementor-container elementor-column-gap-default\">\n\t\t\t\t\t<div class=\"elementor-column elementor-col-100 elementor-top-column elementor-element elementor-element-65fd50a\" data-id=\"65fd50a\" data-element_type=\"column\" data-e-type=\"column\">\n\t\t\t<div class=\"elementor-widget-wrap elementor-element-populated\">\n\t\t\t\t\t\t<div class=\"elementor-element elementor-element-2ca5b81 elementor-widget elementor-widget-image\" data-id=\"2ca5b81\" data-element_type=\"widget\" data-e-type=\"widget\" data-widget_type=\"image.default\">\n\t\t\t\t<div class=\"elementor-widget-container\">\n\t\t\t\t\t\t\t\t\t\t\t\t<figure class=\"wp-caption\">\n\t\t\t\t\t\t\t\t\t\t\t<a href=\"https:\/\/pierremonatte.fr\/index.php\/noir-et-blanc\/\">\n\t\t\t\t\t\t\t<img decoding=\"async\" width=\"1024\" height=\"683\" src=\"https:\/\/pierremonatte.fr\/wp-content\/uploads\/2025\/12\/6I5A7230-1024x683.jpg\" class=\"attachment-large size-large wp-image-9198\" alt=\"\" srcset=\"https:\/\/pierremonatte.fr\/wp-content\/uploads\/2025\/12\/6I5A7230-1024x683.jpg 1024w, https:\/\/pierremonatte.fr\/wp-content\/uploads\/2025\/12\/6I5A7230-300x200.jpg 300w, https:\/\/pierremonatte.fr\/wp-content\/uploads\/2025\/12\/6I5A7230-768x512.jpg 768w, https:\/\/pierremonatte.fr\/wp-content\/uploads\/2025\/12\/6I5A7230-1536x1025.jpg 1536w, https:\/\/pierremonatte.fr\/wp-content\/uploads\/2025\/12\/6I5A7230-2048x1366.jpg 2048w\" sizes=\"(max-width: 1024px) 100vw, 1024px\" \/>\t\t\t\t\t\t\t\t<\/a>\n\t\t\t\t\t\t\t\t\t\t\t<figcaption class=\"widget-image-caption wp-caption-text\">Noir et blanc <\/figcaption>\n\t\t\t\t\t\t\t\t\t\t<\/figure>\n\t\t\t\t\t\t\t\t\t<\/div>\n\t\t\t\t<\/div>\n\t\t\t\t<div class=\"elementor-element elementor-element-fd93fa3 elementor-widget elementor-widget-image\" data-id=\"fd93fa3\" data-element_type=\"widget\" data-e-type=\"widget\" data-widget_type=\"image.default\">\n\t\t\t\t<div class=\"elementor-widget-container\">\n\t\t\t\t\t\t\t\t\t\t\t\t\t\t\t\t<a href=\"https:\/\/pierremonatte.fr\/index.php\/bestiaire-sauvage\/\">\n\t\t\t\t\t\t\t<img decoding=\"async\" width=\"1024\" height=\"578\" src=\"https:\/\/pierremonatte.fr\/wp-content\/uploads\/2025\/12\/Aigle-du-Mezenc-1024x578.jpg\" class=\"attachment-large size-large wp-image-9195\" alt=\"\" srcset=\"https:\/\/pierremonatte.fr\/wp-content\/uploads\/2025\/12\/Aigle-du-Mezenc-1024x578.jpg 1024w, https:\/\/pierremonatte.fr\/wp-content\/uploads\/2025\/12\/Aigle-du-Mezenc-300x169.jpg 300w, https:\/\/pierremonatte.fr\/wp-content\/uploads\/2025\/12\/Aigle-du-Mezenc-768x433.jpg 768w, https:\/\/pierremonatte.fr\/wp-content\/uploads\/2025\/12\/Aigle-du-Mezenc-1536x866.jpg 1536w, https:\/\/pierremonatte.fr\/wp-content\/uploads\/2025\/12\/Aigle-du-Mezenc-2048x1155.jpg 2048w\" sizes=\"(max-width: 1024px) 100vw, 1024px\" \/>\t\t\t\t\t\t\t\t<\/a>\n\t\t\t\t\t\t\t\t\t\t\t\t\t\t\t<\/div>\n\t\t\t\t<\/div>\n\t\t\t\t<div class=\"elementor-element elementor-element-e632e01 elementor-widget elementor-widget-image\" data-id=\"e632e01\" data-element_type=\"widget\" data-e-type=\"widget\" data-widget_type=\"image.default\">\n\t\t\t\t<div class=\"elementor-widget-container\">\n\t\t\t\t\t\t\t\t\t\t\t\t\t\t\t\t<a href=\"https:\/\/pierremonatte.fr\/index.php\/orange-et-feu\/\">\n\t\t\t\t\t\t\t<img loading=\"lazy\" decoding=\"async\" width=\"1024\" height=\"683\" src=\"https:\/\/pierremonatte.fr\/wp-content\/uploads\/2025\/12\/coulee-de-lave-1024x683.jpg\" class=\"attachment-large size-large wp-image-9197\" alt=\"\" srcset=\"https:\/\/pierremonatte.fr\/wp-content\/uploads\/2025\/12\/coulee-de-lave-1024x683.jpg 1024w, https:\/\/pierremonatte.fr\/wp-content\/uploads\/2025\/12\/coulee-de-lave-300x200.jpg 300w, https:\/\/pierremonatte.fr\/wp-content\/uploads\/2025\/12\/coulee-de-lave-768x512.jpg 768w, https:\/\/pierremonatte.fr\/wp-content\/uploads\/2025\/12\/coulee-de-lave-1536x1025.jpg 1536w, https:\/\/pierremonatte.fr\/wp-content\/uploads\/2025\/12\/coulee-de-lave-2048x1366.jpg 2048w\" sizes=\"(max-width: 1024px) 100vw, 1024px\" \/>\t\t\t\t\t\t\t\t<\/a>\n\t\t\t\t\t\t\t\t\t\t\t\t\t\t\t<\/div>\n\t\t\t\t<\/div>\n\t\t\t\t<div class=\"elementor-element elementor-element-8af218f elementor-widget elementor-widget-image\" data-id=\"8af218f\" data-element_type=\"widget\" data-e-type=\"widget\" data-widget_type=\"image.default\">\n\t\t\t\t<div class=\"elementor-widget-container\">\n\t\t\t\t\t\t\t\t\t\t\t\t\t\t\t\t<a href=\"https:\/\/pierremonatte.fr\/index.php\/home-6\/\">\n\t\t\t\t\t\t\t<img loading=\"lazy\" decoding=\"async\" width=\"1024\" height=\"683\" src=\"https:\/\/pierremonatte.fr\/wp-content\/uploads\/2025\/12\/11082024-6I5A2877-1024x683.jpg\" class=\"attachment-large size-large wp-image-9203\" alt=\"\" srcset=\"https:\/\/pierremonatte.fr\/wp-content\/uploads\/2025\/12\/11082024-6I5A2877-1024x683.jpg 1024w, https:\/\/pierremonatte.fr\/wp-content\/uploads\/2025\/12\/11082024-6I5A2877-300x200.jpg 300w, https:\/\/pierremonatte.fr\/wp-content\/uploads\/2025\/12\/11082024-6I5A2877-768x512.jpg 768w, https:\/\/pierremonatte.fr\/wp-content\/uploads\/2025\/12\/11082024-6I5A2877-1536x1024.jpg 1536w, https:\/\/pierremonatte.fr\/wp-content\/uploads\/2025\/12\/11082024-6I5A2877.jpg 1800w\" sizes=\"(max-width: 1024px) 100vw, 1024px\" \/>\t\t\t\t\t\t\t\t<\/a>\n\t\t\t\t\t\t\t\t\t\t\t\t\t\t\t<\/div>\n\t\t\t\t<\/div>\n\t\t\t\t\t<\/div>\n\t\t<\/div>\n\t\t\t\t\t<\/div>\n\t\t<\/section>\n\t\t\t\t<\/div>\n\t\t","protected":false},"excerpt":{"rendered":"<p>\u00ab\u00a0Le merveilleux est l&rsquo;image clinique de la libert\u00e9 humaine\u00a0\u00bb \u00a0 \u00a0 \u00a0 \u00a0 \u00a0 \u00a0 \u00a0 \u00a0 \u00a0 \u00a0 \u00a0 \u00a0 \u00a0 \u00a0 \u00a0 \u00a0 \u00a0 \u00a0 \u00a0 \u00a0 \u00a0 \u00a0 \u00a0 \u00a0 \u00a0 \u00a0 \u00a0 \u00a0 \u00a0 \u00a0 \u00a0 \u00a0 \u00a0 \u00a0 \u00a0 \u00a0 \u00a0Louis Aragon \u00a0 Un photographe par nature, la nature par [&hellip;]<\/p>\n","protected":false},"author":1,"featured_media":0,"parent":0,"menu_order":0,"comment_status":"closed","ping_status":"closed","template":"","meta":{"ngg_post_thumbnail":0,"footnotes":""},"class_list":["post-191","page","type-page","status-publish","hentry","entry"],"_links":{"self":[{"href":"https:\/\/pierremonatte.fr\/index.php\/wp-json\/wp\/v2\/pages\/191","targetHints":{"allow":["GET"]}}],"collection":[{"href":"https:\/\/pierremonatte.fr\/index.php\/wp-json\/wp\/v2\/pages"}],"about":[{"href":"https:\/\/pierremonatte.fr\/index.php\/wp-json\/wp\/v2\/types\/page"}],"author":[{"embeddable":true,"href":"https:\/\/pierremonatte.fr\/index.php\/wp-json\/wp\/v2\/users\/1"}],"replies":[{"embeddable":true,"href":"https:\/\/pierremonatte.fr\/index.php\/wp-json\/wp\/v2\/comments?post=191"}],"version-history":[{"count":15,"href":"https:\/\/pierremonatte.fr\/index.php\/wp-json\/wp\/v2\/pages\/191\/revisions"}],"predecessor-version":[{"id":9206,"href":"https:\/\/pierremonatte.fr\/index.php\/wp-json\/wp\/v2\/pages\/191\/revisions\/9206"}],"wp:attachment":[{"href":"https:\/\/pierremonatte.fr\/index.php\/wp-json\/wp\/v2\/media?parent=191"}],"curies":[{"name":"wp","href":"https:\/\/api.w.org\/{rel}","templated":true}]}}